39 - 26. Let b be t - 0 - (2 - 1). Let u = b - -23. What is the remainder when 21 is divided by u?
10
Suppose -2*n + 7*n - 40 = 0. Calculate the remainder when 23 is divided by n.
7
Let r = 74 + -40. Let y(v) = -v**2 - 11*v - 6. Calculate the remainder when r is divided by y(-9).
10
Let n(v) = -v**3 + 4*v**2 + 4*v + 31. Let w(c) = -c**3 + 3*c**2 + 3*c + 30. Let y(f) = -4*n(f) + 5*w(f). What is the remainder when 77 is divided by y(0)?
25
Suppose -l - 4*z = -6*z + 6, -5*l = z - 14. Suppose l*s - 18 = s. Calculate the remainder when s is divided by 10.
8
Let o(t) = 13*t + 7. Let j be o(-7). Let g = 47 + -21. What is the remainder when g is divided by ((-1)/(-2))/((-3)/j)?
12
Let p(m) = -m**3 - 10*m**2 - 10*m + 9. Let j be p(-9). Suppose 0 - j = -2*z. What is the remainder when 35 is divided by z?
8
Calculate the remainder when ((-69)/9)/((-2)/6) is divided by 8.
7
What is the remainder when (2 - -1)/(3/63) is divided by 8?
7
Let f = -37 - -39. What is the remainder when f is divided by 2?
0
Let x(r) be the first derivative of -7*r**2 + 1. Let b(c) = 2*c**3 - 4*c**2 - 7*c + 5. What is the remainder when b(4) is divided by x(-1)?
13
Let i(j) = j**3 + 30. Let v(p) = 9*p**2 - 3*p - 1. Calculate the remainder when i(0) is divided by v(-1).
8
Suppose 2*q - 2*g - 16 = -3*g, 0 = 3*g. What is the remainder when 15 is divided by q?
7
Suppose -12*g + 6*g + 684 = 0. What is the remainder when g is divided by 23?
22
Calculate the remainder when 59 is divided by (-20)/(-3)*5/(5/3).
19
Let y = 59 + -17. Let h = -29 + y. Calculate the remainder when 38 is divided by h.
12
Suppose -3*v = -21 + 6. Suppose -3*i - 5 + 3 = 4*u, -v*i + 3*u + 16 = 0. Calculate the remainder when i - 33/(-1) - -3 is divided by 20.
18
Suppose 2*d = d + 4. Suppose -5*w = -d*f + 35, -w + f = 2*w + 21. Let j = -1 - w. What is the remainder when j is divided by 4?
2
Suppose -5*r - 75 = -250. Suppose 0*j = 5*z - j - 61, -5*z + 56 = 4*j. What is the remainder when r is divided by z?
11
Calculate the remainder when (12/(-15))/(-1)*5 is divided by 2.
0
Suppose 18 = 4*j - 138. Calculate the remainder when j is divided by 21.
18
Suppose -2*p - 25 = -7*p. Suppose 5*t - 5 = p. Calculate the remainder when 31 is divided by t - (-1 - 6) - -2.
9
Let c(p) = -p - 1. Let w(g) = g**3 - 6*g**2 + g - 1. Let f(d) = 3*c(d) - w(d). Let a be f(4). Calculate the remainder when 59 is divided by 1/2 + 273/a.
19
Suppose 0 = -6*u + 2*u + y + 281, u - 79 = 2*y. Suppose -5*t = -v + 3*v - 46, 5*v - u = -t. What is the remainder when v is divided by 5?
3
Suppose -5*p + 680 - 68 = -3*q, -3*p + q + 364 = 0. Suppose p = 2*k - k. Suppose 0*s = 3*s - k. Calculate the remainder when s is divided by 14.
12
Suppose 3*t - 10 + 1 = 0. Calculate the remainder when 41 is divided by 2/t + 120/9.
13
Suppose 0 = 5*m - 7*m + 50. Let o(r) = 7*r**3. What is the remainder when m is divided by o(1)?
4
Suppose 2*i = -2*c + 14, -2*c - 1 = 3. Calculate the remainder when 15 is divided by i.
6
Let z(r) = 2*r**2 - 6*r + 1. Let o be z(4). Let q = o - 5. Calculate the remainder when 15 is divided by q.
3
Let f = -67 + 167. What is the remainder when f is divided by 34?
32
What is the remainder when 232/10 + (-5)/25 is divided by 8?
7
Let g = 3 + 0. Suppose -g*h = -3*s - 48, -s = -2*s - 1. What is the remainder when h is divided by 6?
3
Let x = 1 - -7. Suppose 3*m - 2*m - 15 = 0. What is the remainder when m is divided by x?
7
Suppose 4*w - 52 - 164 = 3*k, -2*w = -4*k - 118. Suppose 5*m - 28 - 37 = 0. Calculate the remainder when w is divided by m.
12
Let t(q) = -q**2 - 10*q - 10. Suppose 0 = -3*g + x - 25, 6*x - 44 = 4*g + 2*x. Calculate the remainder when (-6)/8 + (-261)/(-12) is divided by t(g).
10
Let q = 51 + -32. What is the remainder when 74 is divided by q?
17
Suppose -4 = 3*k + 2. Suppose 4*v = -3*g + 53, 5*g - 3*v = 64 + 34. What is the remainder when g is divided by 3/1 + k - -9?
9
Let d be ((-8)/(-3))/2*-3. Calculate the remainder when (-2)/2 - (0 - 34) is divided by 0 - (-6 + 1 + d).
6
Let s = 8 - -4. Calculate the remainder when 33 is divided by s.
9
Let f(o) = 20*o**2 + 14*o - 9. Let c(g) = 7*g**2 + 5*g - 3. Let w(p) = -11*c(p) + 4*f(p). What is the remainder when w(3) is divided by 10?
7
Let v = -8 + 5. Let b be (v/2)/(3/(-8)). Suppose -b*w - 22 = -3*q + 8, -q + 9 = -w. What is the remainder when 15 is divided by q?
3
Let i be (-28)/(-8) + 6/4. Suppose i*y - 48 = 2*y. Let d = 58 + -11. Calculate the remainder when d is divided by y.
15
Let z(n) = -n**3 - 11*n**2 - 13*n + 10. Calculate the remainder when z(-10) is divided by 22.
18
What is the remainder when 2*10*50/25 is divided by 27?
13
Suppose 4*g = 71 - 27. Suppose 0 = -a + 4, 3*h - 85 + 6 = -4*a. Calculate the remainder when h is divided by g.
10
Suppose -93 = -2*v + 5*h, v - 6*v = 5*h - 250. Suppose -2*l = -3*c + 73, 4*c - 5*l - 59 - 36 = 0. Calculate the remainder when v is divided by c.
24
Let k = -133 + 157. Calculate the remainder when k is divided by -1*3/((-3)/13).
11
Suppose 0 = 6*z - 2*z - 12. Suppose 0 = z*c - 73 - 68. Suppose -o = -5*s + 115, 3*s - 5*o = 2*s + c. What is the remainder when s is divided by 8?
6
Let d(i) = -i - 2. Let q be d(-8). Let a = q - -2. Let o(f) = f**2 - 2*f + 3. Calculate the remainder when a is divided by o(2).
2
Let y = 10 - 3. Let i(h) = -3*h. Calculate the remainder when y is divided by i(-1).
1
Suppose 5*r = -5*j + 3*r + 7, 0 = 4*j - 2*r - 2. Suppose 5 = y + j. Calculate the remainder when 15 is divided by y.
3
Let u(d) = -d**3 - 12*d**2 + 9*d - 12. What is the remainder when 117 is divided by u(-13)?
37
Suppose -25 = -m + 13. Let a be 20 - (-1 + 2/1). Let p = a + -9. Calculate the remainder when m is divided by p.
8
Let t(m) = -13 + 0*m**2 + 8 - m**2 + 3*m. Let c be t(5). Let h = c + 32. What is the remainder when 32 is divided by h?
15
Let o(i) = i**2 + 5*i - 2. Let m be o(-4). Let v(b) = b**2 + 5*b + b**2 - b**2 + 4. What is the remainder when 18 is divided by v(m)?
8
Let c be (-16)/6*(-24)/(-4). Let j = 0 - -3. Let p = j - c. What is the remainder when 37 is divided by p?
18
Let s be (-6)/21 - 2/(-7). Let z(w) = 3*w - 1 + 5*w + s*w - w**2. Calculate the remainder when 11 is divided by z(7).
5
Let l = 30 + -8. Let h be (-18)/(-81) - (-25)/9. Calculate the remainder when l is divided by h/12 - 31/(-4).
6
Suppose 2*o - o = 218. Suppose -5*x - c + 291 = 2*c, -4*x + 5*c = -o. What is the remainder when x is divided by 20?
17
Let m(v) = -v**2 - 3*v + 3. Let l = 4 + -7. Suppose 5*f - 48 + 8 = 0. What is the remainder when f is divided by m(l)?
2
Suppose 0 = -3*j + 4*p + 4, 3*p + 18 = 5*j + 2*p. Suppose j*y - 2*y + 284 = 5*i, 3*i + 2*y - 164 = 0. Calculate the remainder when i is divided by 19.
18
Suppose -5*l + 0*s = 2*s - 3, 0 = l - s - 2. Calculate the remainder when 3 is divided by l.
0
Let w(c) = -c**2 + 14*c + 8. Let u be w(11). Let p = 9 + u. Calculate the remainder when p is divided by 1/(-2) + (-81)/(-6).
11
Let i be -12*(3 - 33/9). What is the remainder when 16 is divided by 1/4 + 46/i?
4
Suppose 4*q - 44 = -4. What is the remainder when 18 is divided by q?
8
Suppose -k - 8 - 6 = -3*a, a = -2*k + 7. Suppose -a*h = -33 + 8. Calculate the remainder when 12/(2 - h)*-1 is divided by 3.
1
Let d = 22 - 36. Let y = d + 24. Suppose y = 2*f + 3*f. What is the remainder when 5 is divided by f?
1
Let i(l) = l**3 + l**2 + l + 6. Let j = -2 + 19. What is the remainder when j is divided by i(0)?
5
Suppose -n = 5*h + 2*n - 74, -2*h + 29 = n. What is the remainder when 25 is divided by h?
12
Suppose 7 = -5*d - 4*t, 0*d - d = -5*t - 16. What is the remainder when 2 is divided by 1/((-3)/6 + d)?
0
Let q be (-3)/15 - (-14)/(-5). Calculate the remainder when (-160)/(-15) - (-2)/q is divided by 4.
2
Suppose -i - 5*g + 77 = 3*i, 5*g - 25 = 0. Suppose i = 2*c - 3. What is the remainder when 14 is divided by c?
6
Let f = 44 + -30. What is the remainder when f is divided by 5?
4
Let t(k) = k**3 - 4*k**2 - 6*k - 6. Let g be t(6). Suppose -3*m = -m - g. Let b = 17 + -9. What is the remainder when m is divided by b?
7
Suppose -4*k + 17 + 3 = 0, d - 25 = -4*k. Let p = 13 + d. Calculate the remainder when p is divided by 5.
3
Let y(d) = 3*d**2 + 3*d + 2. Let v be y(-4). Suppose -4*a + 210 = v. Let c = -15 + a. What is the remainder when c is divided by 10